site?
True
Is 55659 a prime number?
False
Is 524935 composite?
True
Is 57485 composite?
True
Is 30757 composite?
False
Is 236197 prime?
False
Is 4091 a prime number?
True
Is 77629 a prime number?
False
Is 797 a prime number?
True
Is 1029517 prime?
True
Is 1286995 composite?
True
Is 153313 composite?
False
Is 28727 prime?
False
Is 39779 a prime number?
True
Is 7279 prime?
False
Is 28213 prime?
False
Is 619829 composite?
True
Is 24463 composite?
True
Is 6753 a prime number?
False
Is 126839 composite?
False
Is 26141 prime?
True
Is 16979 a composite number?
False
Is 711287 a composite number?
False
Is 1128745 a composite number?
True
Is 933089 prime?
False
Is 6259 composite?
True
Is 5815 prime?
False
Is 150343 a composite number?
False
Is 6733 a prime number?
True
Is 53 a composite number?
False
Is 18509 composite?
True
Is 594119 composite?
False
Is 937877 prime?
True
Is 2579 composite?
False
Is 37087 prime?
True
Is 10831 composite?
False
Is 10037 a composite number?
False
Is 3802 prime?
False
Is 20431 composite?
False
Is 2958607 prime?
True
Is 2941 prime?
False
Is 23038 prime?
False
Is 227749 prime?
False
Is 1053311 prime?
False
Is 18007 composite?
True
Is 901 a composite number?
True
Is 1094603 prime?
True
Is 8641 a prime number?
True
Is 7331 composite?
False
Is 635 a prime number?
False
Is 1377293 prime?
True
Is 2730383 a prime number?
True
Is 554527 a prime number?
True
Is 104449 a composite number?
True
Is 1207 composite?
True
Is 14983 a composite number?
False
Is 60757 a composite number?
False
Is 155053 prime?
False
Is 1728797 prime?
False
Is 55049 a prime number?
True
Is 660643 a prime number?
True
Is 3875081 composite?
True
Is 109451 composite?
False
Is 13709 composite?
False
Is 889879 a prime number?
True
Is 3453 prime?
False
Is 569719 a composite number?
True
Is 966991 composite?
False
Is 140291 a composite number?
True
Is 21739 prime?
True
Is 24799 a prime number?
True
Is 32117 composite?
False
Is 3511 a prime number?
True
Is 11429 prime?
False
Is 44729 a prime number?
True
Is 17893 prime?
False
Is 126937 composite?
True
Is 961487 composite?
False
Is 18583 prime?
True
Is 96137 a prime number?
True
Is 12071 a prime number?
True
Is 180707 a composite number?
True
Is 34999 prime?
False
Is 6181 a prime number?
False
Is 12143 a composite number?
False
Is 95603 a composite number?
False
Is 263369 composite?
False
Is 65597 composite?
True
Is 308015 a composite number?
True
Is 86399 a composite number?
False
Is 267101 composite?
True
Is 258835 a composite number?
True
Is 1210327 a composite number?
True
Is 663763 a prime number?
True
Is 75431 a composite number?
False
Is 2048569 a composite number?
False
Is 132413 a prime number?
False
Is 1631 a composite number?
True
Is 3347 a prime number?
True
Is 12569 a prime number?
True
Is 2219 prime?
False
Is 25907 a prime number?
False
Is 186374 a composite number?
True
Is 3238 composite?
True
Is 149509 composite?
True
Is 147449 composite?
False
Is 22934 a prime number?
False
Is 60403 a composite number?
True
Is 3427 a prime number?
False
Is 29101 a prime number?
True
Is 14621 a prime number?
True
Is 69527 composite?
True
Is 10427 composite?
False
Is 29059 prime?
True
Is 87177 a composite number?
True
Is 1502 composite?
True
Is 28091 a composite number?
True
Is 8885 composite?
True
Is 86287 a composite number?
False
Is 2669 composite?
True
Is 60689 a composite number?
False
Is 16018 a prime number?
False
Is 281341 a prime number?
False
Is 1984391 composite?
True
Is 28051 composite?
False
Is 1093571 a prime number?
True
Is 2559 prime?
False
Is 662083 a composite number?
False
Is 26551 prime?
False
Is 311063 a prime number?
False
Is 89237 prime?
True
Is 1765 a prime number?
False
Is 479263 a prime number?
True
Is 11963 a prime number?
False
Is 417719 a composite number?
False
Is 2236823 a prime number?
True
Is 48067 a prime number?
False
Is 4547 a composite number?
False
Is 1014863 prime?
True
Is 850727 a prime number?
True
Is 719 prime?
True
Is 100447 a composite number?
False
Is 572333 composite?
False
Is 71741 a composite number?
False
Is 44617 a prime number?
True
Is 69659 prime?
False
Is 50671 a prime number?
True
Is 109717 prime?
True
Is 94861 prime?
False
Is 1787293 a composite number?
False
Is 130003 prime?
True
Is 32483 a prime number?
False
Is 35753 a composite number?
False
Is 17399 prime?
False
Is 151873 prime?
False
Is 969593 a prime number?
True
Is 32393 prime?
False
Is 1644163 a composite number?
False
Is 13799 prime?
True
Is 702745 a composite number?
True
Is 1057213 a prime number?
False
Is 74687 a composite number?
False
Is 16597 composite?
True
Is 65519 prime?
True
Is 91847 a prime number?
False
Is 319939 a composite number?
True
Is 341219 a composite number?
False
Is 28637 prime?
False
Is 26309 prime?
True
Is 158729 a prime number?
False
Is 245209 a composite number?
False
Is 373151 a composite number?
False
Is 4853 a prime number?
False
Is 393455 a prime number?
False
Is 207671 a composite number?
False
Is 271759 a prime number?
False
Is 3067 prime?
True
Is 38813 a prime number?
False
Is 23101 prime?
False
Is 27077 a composite number?
False
Is 291 composite?
True
Is 34183 prime?
True
Is 244199 composite?
False
Is 2426663 a prime number?
False
Is 49297 a prime number?
True
Is 29243 prime?
True
Is 20249 prime?
True
Is 4385 composite?
True
Is 23221 prime?
False
Is 3271 a prime number?
True
Is 217101 a composite number?
True
Is 1531 composite?
False
Is 5227 prime?
True
Is 152027 a composite number?
False
Is 29569 composite?
False
Is 13939 prime?
False
Is 84649 a prime number?
True
Is 2437 prime?
True
Is 1356598 composite?
True
Is 56617 composite?
True
Is 15761 a prime number?
True
Is 407 composite?
True
Is 7274 prime?
False
Is 89797 a prime number?
True
Is 5006 prime?
False
Is 5272585 a composite number?
True
Is 12037 a composite number?
False
Is 34115 prime?
False
Is 68945 a prime number?
False
Is 735809 composite?
False
Is 635 a composite number?
True
Is 34123 a prime number?
True
Is 439 a prime number?
True
Is 129949 prime?
False
Is 706423 a composite number?
True
Is 163109 a composite number?
False
Is 194437 prime?
False
Is 117103 a prime number?
False
Is 227609 composite?
False
Is 1471603 a prime number?
False
Is 2579 prime?
True
Is 88823 composite?
True
Is 586013 a prime number?
False
Is 37951 prime?
True
Is 5489 composite?
True
Is 191227 a prime number?
True
Is 3127 composite?
True
Is 375203 a composite number?
False
Is 131531 a composite number?
True
Is 6820045 composite?
True
Is 3221 a composite number?
False
Is 3046 prime?
False
Is 334253 a composite number?
True
Is 967 composite?
False
Is 7393 a composite number?
False
Is 1644149 prime?
False
Is 505477 composite?
True
Is 20017 a prime number?
False
Is 2333 composite?
False
Is 77839 prime?
True
Is 3131 a prime number?
False
Is 29917 a composite number?
False
Is 6349 a prime number?
False
Is 131861 a composite number?
False
Is 205565 composite?
True
Is 379 composite?
False
Is 2333 prime?
True
Is 17287 a prime number?
False
Is 2167 prime?
False
Is 263899 composite?
False
Is 36447 a composite number?
True
Is 29269 a prime number?
True
Is 24439 prime?
True
Is 17881 composite?
False
Is 199829 composite?
True
Is 9461 composite?
False
Is 802039 a prime number?
False
Is 569455 a prime number?
False
Is 1949 a prime number?
True
Is 6197 a prime number?
True
Is 495491 prime?
True
Is 32961 a composite number?
True
Is 68669 a prime number?
True
Is 22081 composite?
True
Is 1693 a composite number?
False
Is 319811 a composite number?
False
Is 171617 prime?
True
Is 277741 a prime number?
True
Is 4168445 a composite number?
True
Is 2027459 a composite number?
True
Is 24689 a prime number?
False
Is 255551 prime?
True
Is 29411 a prime number?
True
Is 1075531 composite?
False
Is 1010797 a composite number?
False
Is 240947 a prime number?
False
Is 2327 a composite number?
True
Is 99277 a composite number?
False
Is 1376945 prime?
False
Is 105439 prime?
False
Is 10237 a prime number?
False
Is 1523 a prime number?
True
Is 18503 a prime number?
True
Is 87773 prime?
False
Is 126629 a composite number?
True
Is 2462233 prime?
True
Is 76997 prime?
False
Is 1111 prime?
False
Is 89387 a prime number?
True
Is 29719 composite?
True
Is 4861 a composite num